11. What is the tens digit of n(3)?
8
Suppose 2*f + 6 + 6 = 0. Let w(p) = -2*p**2 - 12*p - 20. Let i be w(f). What is the units digit of 1/(19/i + 1)?
0
Let z(b) = -5*b - 3. Let l be (-87)/12 + ((-15)/(-12) - 1). What is the units digit of z(l)?
2
Let d(c) = c. Suppose 7*p - 2*p + 5*i - 10 = 0, 0 = 3*p + 5*i. Let g be d(p). Suppose -g = 5*a, -w + 3*a = -2*w. What is the units digit of w?
3
Let s(h) be the first derivative of h**3/3 - 3*h**2 - 14*h - 6. What is the units digit of s(10)?
6
Suppose -y - 3 = 0, 2 = 5*w + 3*y + 11. Suppose w*t - 363 = -4*x + t, x - 84 = -2*t. What is the units digit of x?
0
Let v(m) = 1513*m**2 - 17*m + 14. What is the tens digit of v(1)?
1
Let q(j) = 55*j + 101. What is the tens digit of q(15)?
2
Suppose p = -2*m + 2*p, 0 = 2*m + p - 8. What is the units digit of (-5 - -1) + (15*m - 3)?
3
Suppose 6 + 3 = h. Let s(y) = -y**2 + 9*y + 4. Let q be s(h). Suppose -4*r + r + 4*p = -74, -3*r = q*p - 58. What is the tens digit of r?
2
Let r = 9 - 14. Let w(q) = 2*q**2 + 9*q + 10. Let b be w(r). Let h = b + -12. What is the units digit of h?
3
Suppose 3*i + 463 = t, 4*i + 617 = 5*t - 1676. What is the tens digit of t?
5
Let l(o) = -5*o - 1. Let a be l(-5). Let v = -17 + a. What is the units digit of v?
7
Let k(o) = o + 8. Let p be k(-4). Suppose -3*z = -p*z - 5*r + 56, -3*r = -2*z + 164. Let y = z - 27. What is the units digit of y?
9
Let u be 6*82*(-1)/(-6). Suppose -q + u = -0*q. Suppose -z + 42 = 2*z - 3*p, -5*z + q = -2*p. What is the units digit of z?
8
Let j(w) = -w. Let s(m) = -4*m - 1. Let d(b) = 2*j(b) + s(b). Suppose k - 4*c + 16 = 0, -14 = -0*k + 5*k + 2*c. What is the tens digit of d(k)?
2
Let p(m) = 2*m**3 - 35*m**2 - m + 31. Let z(n) = n**3 - 18*n**2 + 16. Let k(d) = -6*p(d) + 11*z(d). What is the tens digit of k(12)?
6
Suppose 45092 = 37*v - 15810. What is the units digit of v?
6
Let h(s) = -4*s. Let p = 2 - 6. What is the units digit of h(p)?
6
Let l(d) = -d**2 + 9*d - 14. Let c be l(7). Suppose 10*z - 9*z - 39 = c. Suppose 11 = w - z. What is the tens digit of w?
5
Suppose 0 = -2*h - 0*h + 12. Let p = -23 - -39. Suppose 2*r - p = -4*j, -2*r + 10 = j - h. What is the units digit of r?
8
Suppose 2*l - 377 = -3*f - 26, -4*l + 2*f + 678 = 0. Suppose y - r - l = 4*r, -755 = -5*y + 5*r. What is the hundreds digit of y?
1
Let x be ((-8)/(-16))/(1/74). Suppose 2*y - 4*p = -y + 13, 2*y + 3*p - x = 0. Suppose y + 8 = v. What is the units digit of v?
9
Let j(q) = 7*q + 4*q**2 - 2*q**3 + 2*q**3 - 5 + 3*q**3 - 4*q**3. Let o be 2/4 + (-14)/(-4). What is the units digit of j(o)?
3
Suppose 138*g = 133*g + 5250. What is the thousands digit of g?
1
Let h(o) = o**3 + 9*o**2 - 3*o - 8. Let l be h(-9). Let m(g) = l + g + 3*g - 6*g. What is the units digit of m(0)?
9
Let r(b) = b**3 - 10*b**2 + 11*b - 5. Let c be r(9). Let i(h) = h**2 - 13*h. Let m be i(c). What is the tens digit of 18 - (-1 - m)*0?
1
Let o be (4 - 4) + -3 - -3. Suppose 0*n + n - 220 = o. What is the hundreds digit of n?
2
Suppose -5*x - 4*u + 5269 = -1453, u = -x + 1344. What is the thousands digit of x?
1
Suppose 17 + 27 = 4*y. Let u = y - 15. What is the units digit of 2/u + (-26)/(-4)?
6
Let u(i) = -3*i + i**2 - 2 + 9*i + 8. Let g be u(-3). Let o = 9 + g. What is the units digit of o?
6
Let g(h) = -13*h - 7. Suppose 27 = -5*x - 3. What is the tens digit of g(x)?
7
Suppose -q + 149 = 4*f, -q + 114 = -3*f - 0*f. Let c = q - 87. What is the units digit of c?
2
Suppose -4*l + 5*q = -7617, -5*l = -7*l - 5*q + 3771. What is the hundreds digit of l?
8
Let s(w) = 14*w - 68. Let g be s(24). Suppose 5*x - g = 512. What is the tens digit of x?
5
What is the hundreds digit of (56/14)/((-8)/(-7082))?
5
Suppose 0 = 5*q - 7 - 8, -l + 3*q = 5. Suppose l*u + u + 5*r - 180 = 0, -r - 134 = -4*u. What is the tens digit of u/2 - 1/1?
1
Let n(j) = 3*j**3 - 2*j**2 - j - 6. Let k = 30 + -27. What is the tens digit of n(k)?
5
Let h = 786 + -404. What is the tens digit of h?
8
Let c = -600 - -897. What is the units digit of c?
7
Let j(n) = -n**3 + 4*n**2 - 7*n - 11. What is the units digit of j(-4)?
5
Suppose 0 = -2*u + 2*s + 1812, -2726 = -3*u - 8*s + 13*s. What is the hundreds digit of u?
9
Let i(p) = -7*p**3 - 16*p**2 - p + 33. Let n(d) = -3*d**3 - 8*d**2 - d + 17. Let f(z) = -2*i(z) + 5*n(z). What is the units digit of f(-10)?
9
Let l(q) = -5*q**3 - 9 - 6*q - 10 + 6 + q**3 + 7*q**2. Let t(k) = -5*k**3 + 7*k**2 - 6*k - 13. Let r(n) = -4*l(n) + 3*t(n). What is the units digit of r(6)?
3
Let x(b) = -b**3 + 11*b**2 - 9*b + 25. Let f(h) = 6*h**3. Let l be f(1). What is the hundreds digit of x(l)?
1
Let o = -16 + 20. Suppose 205 = o*v + 3*b, 5*b + 26 = 4*v - 155. What is the tens digit of v?
4
Let m(i) = i - 1. Let v be m(-5). Let w = v - -4. What is the units digit of 20*(60/16 + w)?
5
Let i = 49 + -87. Let r = 98 + i. What is the tens digit of r?
6
Let f = -1323 - -2905. What is the hundreds digit of f?
5
Let c = -2 - 8. Suppose 239 = -w + 243. What is the units digit of w/(-12)*(c - -1)?
3
Suppose 0 = 64*w - 131087 - 92913. What is the units digit of w?
0
Let q(z) = -z**3 + 10*z**2 + 2*z + 14. Let w(i) = -i**3 + 10*i**2 + 3*i + 15. Let r(c) = 3*q(c) - 2*w(c). Suppose -11 = m - 21. What is the units digit of r(m)?
2
Suppose 2352 = -10*j + 12*j. What is the thousands digit of j?
1
Let c(y) = y**3 - 21*y**2 + 27*y + 18. What is the units digit of c(21)?
5
Let b(t) = 13*t - 6. Let g(q) = 15*q + 13 - 17*q - 36*q + 5. Let y(l) = -17*b(l) - 6*g(l). What is the units digit of y(3)?
5
Suppose -k + 4*p + 6 = 0, 4*k + 21 = -0*k + p. Let d be (-159 - -9)/(k/8). Suppose -2*v - 3*v + d = 0. What is the tens digit of v?
4
Let u(o) = o**2 + 5*o - 8. What is the units digit of u(-26)?
8
Suppose -5*h + 5 = 0, -d - 9*h = -7*h - 122. What is the hundreds digit of d?
1
Let r(c) = -5*c**2 - c + 3. Suppose 2*a = k - 2, -3*a + 5*k + 5 = 1. Let x be r(a). Let g(j) = -j - 3. What is the tens digit of g(x)?
1
Let f = -37 - -44. Suppose -f*r = -3*r - 32. What is the units digit of r?
8
Let o = 278 - 172. What is the tens digit of o?
0
Suppose -12 - 33 = -4*z - 5*m, 0 = 5*z - 3*m - 10. Suppose -3*q + 3*s = -0*q - 879, -z*s - 586 = -2*q. What is the hundreds digit of q?
2
Suppose 3*a = 15, 2*a - 66 - 64 = 4*x. Suppose 5*j = 4*b - 246 - 93, j + 408 = 5*b. Let d = x + b. What is the units digit of d?
1
Suppose -16479 = -17*x + 8*x. What is the tens digit of x?
3
What is the tens digit of (802/(-3))/(-2*(-3)/(-81))?
0
Let l = 86 + 60. Let i = l + -65. What is the tens digit of i?
8
Let n(f) = f**3 - 2*f**2 + 7*f - 4. Let j(o) = 20*o + 16. Let z be j(-5). Let y be z/(-22) + 18/99. What is the tens digit of n(y)?
5
Suppose -3*x + 8 + 37 = -4*a, -33 = 3*a - 3*x. What is the units digit of (-3)/a - (-1 + (-86)/8)?
2
Let a(n) = -165*n + 58. What is the hundreds digit of a(-7)?
2
Let k(d) = d**2 + 2 - 2 + 4 + d + 4. What is the tens digit of k(-7)?
5
Suppose 52*a - 85266 = -2*a. What is the units digit of a?
9
Suppose -5*w - 256 = -3006. What is the units digit of w?
0
Let l(g) = -6*g - 7. What is the tens digit of l(-31)?
7
Let n = 51 + -19. Let j = 19 - 11. Suppose 0*x - n = -3*q + 2*x, -2*q + j = 2*x. What is the units digit of q?
8
Let h = -698 - -1953. What is the tens digit of h?
5
Suppose 9*m + m - 4280 = 0. What is the tens digit of m?
2
Suppose -4*x - 3*z + 2983 = -330, 3*x + 3*z - 2484 = 0. What is the hundreds digit of x?
8
Suppose 0*p - 3*p + 6 = 0. Suppose -m = 2*w - 30, 0 = p*m + 2*w - 8 - 60. Suppose 3*d + 11 = m. What is the units digit of d?
9
Let r(f) = f - 3. Let n be r(15). Let p = 15 - n. Suppose b = p + 9. What is the units digit of b?
2
Let s be (-4 + 1)*(1 - 6). Let k(a) = 2*a - 22. Let i be k(16). Suppose 1 = -3*t - h, i*t - 5*t = -5*h - s. What is the units digit of t?
1
Let g be ((-36)/16 + 3)*-4 + -3. What is the hundreds digit of (0 - g) + -4 + 98?
1
Let m(n) = -4*n - 21 + 4 - 3*n. Suppose 5*s - 24 = 11*s. What is the tens digit of m(s)?
1
Let s(i) be the second derivative of i**6/360 - i**5/20 + i**4/8 - i**3/2 + 3*i. Let p(o) be the second derivative of s(o). What is the units digit of p(6)?
3
Suppose k + 0*k = 1, b - k = 27. Let i = 30 - b. Suppose 0*j = i*j - 38. What is the tens digit of j?
1
Let m = 9 - 6. Suppose m*g - 3 = -0. What is the units digit of 3 + -1 - (g + -4)?
5
Let r(